 - 2. Let t = -526 + 524. Give b(t).
-6
Let a(v) = -v + 2. Let q be (4 + (-3 - 4))/(2/6). Determine a(q).
11
Let y(p) = -14*p**3 + p + 1. Let w = 362 + -363. Determine y(w).
14
Let l(f) be the first derivative of -f**2 - 9*f - 1740. Suppose 0 = -5*z + 4*w - 15, z = -4*w - 12 - 15. Calculate l(z).
5
Let q(r) be the first derivative of -r**2/2 - 7*r + 196. Let d(m) = m**3 - 9*m**2 - 11*m + 5. Let g be d(10). Give q(g).
-2
Let d(l) = -l**2 - l + 9. Let c(p) = -p**3 + 15*p**2 - 2*p + 25. Let x be c(15). Give d(x).
-11
Let n(j) = j**3 + 12*j**2 + 13*j. Suppose -3*o - 5*h - 38 = 0, 4*o + h = 6*o + 21. Calculate n(o).
-22
Suppose -5*f - 2*z + 119 = -32, 0 = 2*f + 4*z - 54. Let v = f + -29. Let a(p) = 8*p + 0 + 0 - 3*p. Calculate a(v).
10
Suppose 3*q - 752 = 91. Let f(m) = -268*m**2 + 0*m - 1 - 2*m + q*m**2. Let x(t) = -t**2 - 3*t - 3. Let v be x(-2). Determine f(v).
14
Let y(a) be the first derivative of -a**3/3 - 5*a**2 + 23*a - 676. Give y(-13).
-16
Let c(k) = -4*k**3 + 6*k**2 - 2*k - 7. Let a be 2*1*-10*4/16. Let h(j) = -7*j**3 + 13*j**2 - 3*j - 13. Let i(f) = a*c(f) + 3*h(f). Give i(9).
5
Let n(d) = 17*d + 7. Let w(u) be the first derivative of -9*u**2/2 - 4*u - 5. Let k(h) = -4*n(h) - 7*w(h). Determine k(1).
-5
Let s(d) = -d**3 - d**2 + 4. Suppose -5*q = 24 + 6. Let c = q - -9. Suppose -5*t + 15 = c*r, t = -4*r + 4 - 1. Determine s(r).
4
Let o(s) = -6*s - 196. Let x be o(-32). Let t(y) = -y**3 - 3*y**2 + 6*y + 2. Calculate t(x).
-6
Suppose -5*a = 4*f - 25, 0 = 3*f - 5*a - 14 + 4. Let x(k) = 3 + 1 + 3 - f - k. Let n be x(5). Let q(i) = 3*i + 2. Determine q(n).
-7
Suppose -220 = -2*d - 704. Let p be ((-5)/(-2))/((-11)/d). Let x be ((-2)/5)/((-22)/p). Let n(w) = 9*w**3 - w**2 + w. Calculate n(x).
9
Suppose 4*a - 28 = -0*a. Suppose 10 = a*t - 2*t. Let j(b) = 1 - b - 2*b - b**2 + 2*b**2 + 1. What is j(t)?
0
Suppose 2*y - 35 = -5*c, y + 3*c = -88 + 108. Let l(i) = i**3 - 4*i**2 - 8*i + 7. Calculate l(y).
-8
Let r be (-10)/6 - (-2)/3. Let y(m) be the third derivative of -1/6*m**3 + 0 + 4*m**2 + 0*m + 1/60*m**5 - 1/12*m**4. What is y(r)?
2
Let w(y) be the second derivative of -y**6/40 - y**5/120 - 13*y**3/2 - 2*y - 9. Let a(g) be the second derivative of w(g). Give a(-1).
-8
Suppose -86 = 24*a + 58. Let l(v) = -v - 14. Determine l(a).
-8
Let a(p) = 3*p - 1. Let i(r) = 11*r + 8. Let f(o) = -3*a(o) + i(o). Determine f(-3).
5
Let r = -29 + 28. Let m(c) = 8*c**2 - 2*c - 1. What is m(r)?
9
Let u(w) = -2 + 8*w - 3 - 3 + 2 + 2*w**2 - w**2. What is u(-6)?
-18
Suppose s - 5 = 6*s - 4*r, 3*s - r = 4. Let w(o) be the first derivative of -o**3/3 + o**2/2 + 2*o - 16. Determine w(s).
-4
Let x(l) = l + 1. Let w(n) = 36*n + 19. Let k be w(-3). Let o = 83 + k. Determine x(o).
-5
Suppose 0 = 4*z + 25 - 9. Let n(v) be the third derivative of v**5/60 - v**4/12 - v**3 - 36*v**2. Calculate n(z).
18
Suppose 0 = 28*q - 294 + 98. Let x(p) = 4*p + 8. Give x(q).
36
Let f = 40219 + -40222. Let c(k) be the first derivative of -4*k**2 - 4*k + 1. Determine c(f).
20
Let l(z) = -11*z**3 - z**2 + 5*z + 6. Let i(x) = -9*x**3 + 4*x + 5. Let j(f) = 5*i(f) - 4*l(f). Determine j(5).
-24
Let l(b) = -b**2 - 4*b - 6. Suppose 0 = 29*t + 71 + 74. Determine l(t).
-11
Let m(d) = -d**3 - 3*d**2 + 8*d - 5. Suppose 0 = q - 0*q + 5*z + 10, 0 = 2*z + 2. Let i be m(q). Let r(j) = -3*j + 6. Determine r(i).
-9
Let m(x) = 11*x**2 - 9*x - 40. Let r(g) = -4*g**2 + 3*g + 14. Let a(b) = 3*m(b) + 8*r(b). Determine a(3).
-8
Let n = 15 - 4. Suppose 2*b - n = p - 0, -5*p - 25 = 0. Let s(z) = -b*z**3 - z**2 + z**3 + 3 - 2 - z**2. What is s(-1)?
1
Let u(f) = 34*f**2 - 13*f + 3. Let j(a) = -23*a**2 + 9*a - 2. Let l(t) = 7*j(t) + 5*u(t). Let n = 38 - 37. Give l(n).
8
Suppose 182 = 78*r - 208. Let a(t) = -t**2 - 2*t - 2. Calculate a(r).
-37
Let m be (-6)/(-3)*(-1)/(-1) + 4. Let x(v) = 3*v - 8*v - 2*v - 2 + m*v. Suppose 4*d - 2*o = 10, 5*d - 2*o - 8 - 7 = 0. Give x(d).
-7
Let x(w) = 6*w + 73. Let n be x(-12). Let v(s) = 2*s + 1. Determine v(n).
3
Let u(r) be the second derivative of -r**3 - r**2 - r + 29. Determine u(-2).
10
Let z be 3/12 + -22*2/(-16). Let d(n) = z*n**2 - 17*n + 33*n - n**3 + 3 - 20*n. Give d(2).
-1
Let w(c) = 2*c - 1 - 2*c - c - 1. Let f = -77 + 80. Give w(f).
-5
Let q(m) = m - 1. Let w = 5 - 15. Let i = w - -10. Let z(s) = -s**3 - 2*s - 6. Let k be z(i). What is q(k)?
-7
Suppose -3*d = 24 - 33. Let h(n) be the first derivative of -2*n + 1/3*n**d - n**2 - 2 + 1/4*n**4. Calculate h(-2).
-2
Let a(l) be the first derivative of l**4/4 + l**2/2 + l + 9595. Let o = -3 + 1. What is a(o)?
-9
Let n(r) = r**2 + 3*r + 2. Suppose -21*s - 30 = -6*s. Give n(s).
0
Suppose 23*p - 3 = 26*p. Let w(q) = 2*q - 1. Let b(u) = -u**2 - 3*u - 3. Let m(x) = p*b(x) - w(x). Determine m(0).
4
Let p(i) be the second derivative of -i**5/20 + i**4/6 + i**3/2 - i**2 - 5*i - 4. Calculate p(3).
-2
Let g(p) = 9*p**2 + 2*p - 1. Let c be g(1). Let f be c/(-15) + (-33)/(-9). Let u(t) = f*t + 3*t**2 - 6*t + 1 - 5*t**2 + 2. Give u(-3).
-6
Let u(f) be the first derivative of f**3/3 - f**2/2 + 7*f + 6. Let v = 4 + -4. What is u(v)?
7
Let o be -1 + 5 + (10 - 18). Let k(w) = 3*w + 5. Calculate k(o).
-7
Let k(l) = l**3 - 9*l**2 - 12*l + 14. Let w = 764 + -754. What is k(w)?
-6
Let v(z) = z - 1. Suppose -3*p = -3*l - 9, -2*p + 3 - 1 = 2*l. Let q be p*(-1)/8*-4. Let o(g) = -g. Let a(b) = q*o(b) + 6*v(b). What is a(4)?
14
Let f be 18/8 - 2/8. Let m(g) = 8*g**2 + 7*g + 15. Let v(u) = 4*u**2 + 3 - u + 3*u + u + 4. Let x(r) = 6*m(r) - 13*v(r). Give x(f).
-11
Let z = 259 + -253. Let m(j) = -j**2 + 6*j + 9. Give m(z).
9
Suppose -5*t + 4*t + 2 = 0. Let c(o) = o**2 - o. Let z(u) = u**2 + u. Let x(j) = t*c(j) - z(j). Determine x(2).
-2
Let s = -14 + 19. Let f(u) = 9*u - s*u**2 + 4*u**2 + 2 - 3*u. Calculate f(7).
-5
Suppose 5*l - 18 - 12 = 0. Suppose 0 = 2*i - 0 - 12. Let b(v) = -1 - 7 + i*v + 2 - v**2 - 2. Give b(l).
-8
Suppose 0 = 5*p + 5*l - 5, -l - 3*l - 2 = p. Let c(v) = -16 + v**3 - 2*v - 4*v**3 + p*v**3 + 12 - 3*v**2. What is c(-3)?
2
Let z(d) be the first derivative of -d**5/20 + d**4/12 + 3*d**2/2 + 11*d - 7. Let a(i) be the first derivative of z(i). What is a(0)?
3
Let k(b) = -b**2 - 11*b + 2. Suppose -4*c = 5*h + 50, -5*c + h - 56 = 4*h. Determine k(c).
12
Let r(t) = -2 - 2*t**2 + 0 + 8*t**2 - 2*t + 4. Let p be r(1). Let q(b) = -b**2 + 5*b + 4. Calculate q(p).
-2
Let u(n) = -174*n + 1. Let v(y) = 63*y. Let s(b) = -4*u(b) - 11*v(b). Calculate s(0).
-4
Suppose -4*x - 1 + 9 = 0. Let o(v) = -v**3 - 6 + x*v + 3 + 3*v**2 - 4*v. Let k = 10 - 7. Calculate o(k).
-9
Let s(c) = -c**2 + 8*c - 2. Let x(n) = 10*n**2 - n - 2. Let y be x(-1). What is s(y)?
-11
Let g(b) = -23*b + 1. Suppose -19*a = -28*a - 9. What is g(a)?
24
Let q(h) = -16 - 3*h - h + 6 + 2*h. Give q(-8).
6
Let k(s) = -s**3 + 6*s**2 - s. Let n be (-117)/(-12) - (-3)/12. Suppose 2*d = 10, -2*c + 2*d = -2*d + n. Suppose q - 29 = -c*l, 0 = -3*q - 3. Give k(l).
-6
Let f(k) = -k + 1. Let c(t) = -2*t**2 - 3*t + 2. Let o(i) = -c(i) + f(i). Calculate o(2).
11
Let a be (-56)/(-24) + 2/3. Suppose -3 = a*x + 15. Let b(h) be the third derivative of -h**4/24 - 7*h**3/3 + h**2. Calculate b(x).
-8
Let s(w) = -5*w + 28. Let u(o) = -3*o + 20. Let b(i) = -2*s(i) + 3*u(i). What is b(14)?
18
Let c(l) = -5*l - 4. Let p(n) = 6*n + 5. Let t(r) = 5*c(r) + 4*p(r). Let j = 1440 - 1434. What is t(j)?
-6
Suppose -194 = -2*c - 3*s, 4*s = 4*c - 0*s - 368. Let m(k) = 1 - c*k + 181*k - 88*k. What is m(-5)?
6
Suppose 4*t + a + 33 = 0, -4*a + 12 = -4*t + 2*t. Let g(n) = -4*n - 34. Calculate g(t).
-2
Let c(z) = -z**3 - 6*z**2 + z + 6. Let w(k) = k**2 + 2*k - 11. Suppose -f - 7 + 2 = 0. Let r be w(f). Suppose 11 - 35 = r*t. Give c(t).
0
Let z(s) = -2*s**3 + s. Let b(r) = r**3 + r**2 + 1. Let d(g) = b(g) + z(g). Give d(0).
1
Let v be (-280)/32 - (-27)/36. Let h(m) = -2*m**2 - 10*m - 2. Determine h(v).
-50
Let y(v) = 49 - 6*v + 56 + v**3 - 96 - 5*v**2. What is y(6)?
9
Let x(y) = y + 0 - 3 - 1 + 4 - 3. Calculate x(0).
-3
Let n(j) = 2*j - 2. Let m be n(3). Let h be 1*m*(-12)/(-8). Let v(d) be the third derivative of -d**5/60 + d**4/4 - 2*d**2. Determine v(h).
0
Let v(b) = -483*b + b**3 + 482*b - 13 - b**3 + 0*b**3 - b**3. Calculate v(0).
-13
Let r = 4 + -1. Let s(d) = d**3 + 8*d**2 + 10*d - 5. Let m be s(-6). Let v(k) = -5 - m*k + 